{"id":46471,"date":"2025-05-20T15:13:53","date_gmt":"2025-05-20T13:13:53","guid":{"rendered":"https:\/\/rina.naturopatiadigital.eu\/?page_id=46471"},"modified":"2025-05-20T15:15:57","modified_gmt":"2025-05-20T13:15:57","slug":"jornada-de-naturopatia-cientifica","status":"publish","type":"page","link":"https:\/\/rina.naturopatiadigital.eu\/?page_id=46471","title":{"rendered":"Jornada de Naturopat\u00eda Cient\u00edfica"},"content":{"rendered":"<p>M\u00c9TODOS DE INVESTIGACI\u00d3N EN NATUROPAT\u00cdA (III PARTE)<\/p>\n<p>https:\/\/www.youtube.com\/watch?v=HCXBkx8E2vY<\/p>\n<p>M\u00c9TODOS DE INVESTIGACI\u00d3N EN NATUROPAT\u00cdA (II PARTE)<\/p>\n<p><img fetchpriority=\"high\" decoding=\"async\" class=\"alignnone size-medium wp-image-77\" src=\"https:\/\/jornadas-naturopatia-cientifica.naturopatiadigital.eu\/wp-content\/uploads\/2021\/11\/Investigacion-en-Naturopatia-II-parte-300x300.jpeg\" alt=\"\" width=\"300\" height=\"300\" \/><\/p>\n<p><iframe title=\"Metodos de Investigaci\u00f3n en Naturopat\u00eda (Parte II)\" width=\"640\" height=\"360\" src=\"https:\/\/www.youtube.com\/embed\/-43aMp5-U88?feature=oembed\" frameborder=\"0\" allow=\"accelerometer; autoplay; clipboard-write; encrypted-media; gyroscope; picture-in-picture; web-share\" referrerpolicy=\"strict-origin-when-cross-origin\" allowfullscreen><\/iframe><br \/>\nEL MARCO CONCEPTUAL DE LA NATUROPAT\u00cdA (II PARTE)<br \/>\n<img decoding=\"async\" class=\"alignnone size-medium wp-image-71\" src=\"https:\/\/jornadas-naturopatia-cientifica.naturopatiadigital.eu\/wp-content\/uploads\/2021\/09\/II-parte-300x300.jpeg\" alt=\"\" width=\"300\" height=\"300\" \/><\/p>\n<p><iframe title=\"Marco Conceptual de la Naturopat\u00eda (II parte)\" width=\"640\" height=\"360\" src=\"https:\/\/www.youtube.com\/embed\/slpgaOqX3Iw?feature=oembed\" frameborder=\"0\" allow=\"accelerometer; autoplay; clipboard-write; encrypted-media; gyroscope; picture-in-picture; web-share\" referrerpolicy=\"strict-origin-when-cross-origin\" allowfullscreen><\/iframe><\/p>\n<p>EL MARCO CONCEPTUAL DE LA NATUROPAT\u00cdA<\/p>\n<p><a href=\"https:\/\/youtu.be\/xdaKc0E9blg\"><img decoding=\"async\" class=\"alignnone wp-image-63 size-medium\" src=\"https:\/\/jornadas-naturopatia-cientifica.naturopatiadigital.eu\/wp-content\/uploads\/2021\/08\/Cartel-300x300.jpg\" alt=\"\" width=\"300\" height=\"300\" \/><\/a><\/p>\n<p><a href=\"https:\/\/youtube.com\/playlist?list=PLXVunuR4ba70nm_oupGdcUNhePy-qrWgK\">JORNADAS DE CIENCIA NATUROP\u00c1TICA: FORO EPIGEN\u00c9TICA<\/a><\/p>\n<p>\u00abEl Procedimiento de la Intervenci\u00f3n Naturop\u00e1tica\u00bb<\/p>\n<p><iframe title=\"3_JORNADAS DE NATUROPAT\u00cdA CIENT\u00cdFICA: El Procedimiento Intervenci\u00f3n Naturop\u00e1tica\" width=\"640\" height=\"360\" src=\"https:\/\/www.youtube.com\/embed\/KrfIOwXfHKc?list=PLXVunuR4ba72pY-aokeiLL_ML6qigh-4E\" frameborder=\"0\" allow=\"accelerometer; autoplay; clipboard-write; encrypted-media; gyroscope; picture-in-picture; web-share\" referrerpolicy=\"strict-origin-when-cross-origin\" allowfullscreen><\/iframe><\/p>\n<p>METAAN\u00c1LISIS RAZONAMIENTO NATUROP\u00c1TICO<\/p>\n<p><iframe title=\"Metanaanalisis Razonamiento Naturop\u00e1tico\" width=\"640\" height=\"360\" src=\"https:\/\/www.youtube.com\/embed\/ex_doKERc0Y?feature=oembed\" frameborder=\"0\" allow=\"accelerometer; autoplay; clipboard-write; encrypted-media; gyroscope; picture-in-picture; web-share\" referrerpolicy=\"strict-origin-when-cross-origin\" allowfullscreen><\/iframe><\/p>\n<p>PLANEAMIENTO DE LA INVESTIGACI\u00d3N NATUROP\u00c1TICA<\/p>\n<p><iframe title=\"PLANEAMIENTO INVESTIGACION NATUROPATICA\" width=\"640\" height=\"480\" src=\"https:\/\/www.youtube.com\/embed\/HDryzK5jdVo?feature=oembed\" frameborder=\"0\" allow=\"accelerometer; autoplay; clipboard-write; encrypted-media; gyroscope; picture-in-picture; web-share\" referrerpolicy=\"strict-origin-when-cross-origin\" allowfullscreen><\/iframe><\/p>\n<p>REVISIONES R\u00c1PIDAS EN INVESTIGACI\u00d3N NATUROP\u00c1TICA<\/p>\n<p><iframe title=\"NATUROPAT\u00cdA CIENT\u00cdFICA: REVISIONES RAPIDAS EN NATUROPATIA\" width=\"640\" height=\"480\" src=\"https:\/\/www.youtube.com\/embed\/qA7yu63P7Rk?feature=oembed\" frameborder=\"0\" allow=\"accelerometer; autoplay; clipboard-write; encrypted-media; gyroscope; picture-in-picture; web-share\" referrerpolicy=\"strict-origin-when-cross-origin\" allowfullscreen><\/iframe><\/p>\n<p>NATUROPATIA BASADA EN LA EVIDENCIA (NBE)<\/p>\n<p><iframe title=\"Jornada Cient\u00edfica &quot;Naturopat\u00eda Basada en la Evidencia&quot; (NBE)\" width=\"640\" height=\"360\" src=\"https:\/\/www.youtube.com\/embed\/1tfEODhKOug?feature=oembed\" frameborder=\"0\" allow=\"accelerometer; autoplay; clipboard-write; encrypted-media; gyroscope; picture-in-picture; web-share\" referrerpolicy=\"strict-origin-when-cross-origin\" allowfullscreen><\/iframe><\/p>\n<p>EXPLICACI\u00d3N MULTINIVEL Vs EXPLICACI\u00d3N REDUCTIVA EN NATUROPAT\u00cdA<\/p>\n<p><iframe title=\"Explicacion multinivel Vs explicaci\u00f3n reductiva en Naturopat\u00eda. Manuel Navarro\" width=\"640\" height=\"360\" src=\"https:\/\/www.youtube.com\/embed\/f6yfzms6l8s?list=PLXVunuR4ba70ufTsWenWUKVkWUiZ2cO9-\" frameborder=\"0\" allow=\"accelerometer; autoplay; clipboard-write; encrypted-media; gyroscope; picture-in-picture; web-share\" referrerpolicy=\"strict-origin-when-cross-origin\" allowfullscreen><\/iframe><\/p>\n<p>NATUROPATIA BASADA EN LA EVIDENCIA (NBE)<\/p>\n","protected":false},"excerpt":{"rendered":"<p>M\u00c9TODOS DE INVESTIGACI\u00d3N EN NATUROPAT\u00cdA (III PARTE) https:\/\/www.youtube.com\/watch?v=HCXBkx8E2vY M\u00c9TODOS DE INVESTIGACI\u00d3N EN NATUROPAT\u00cdA (II PARTE) EL MARCO CONCEPTUAL DE LA NATUROPAT\u00cdA (II PARTE) EL MARCO CONCEPTUAL DE LA NATUROPAT\u00cdA JORNADAS DE CIENCIA NATUROP\u00c1TICA: FORO EPIGEN\u00c9TICA \u00abEl Procedimiento de la Intervenci\u00f3n Naturop\u00e1tica\u00bb METAAN\u00c1LISIS RAZONAMIENTO NATUROP\u00c1TICO PLANEAMIENTO DE LA INVESTIGACI\u00d3N NATUROP\u00c1TICA REVISIONES R\u00c1PIDAS EN INVESTIGACI\u00d3N NATUROP\u00c1TICA NATUROPATIA [&hellip;]<\/p>\n","protected":false},"author":1,"featured_media":0,"parent":46474,"menu_order":0,"comment_status":"closed","ping_status":"closed","template":"","meta":{"footnotes":""},"class_list":["post-46471","page","type-page","status-publish","hentry"],"yoast_head":"<!-- This site is optimized with the Yoast SEO plugin v21.8 - https:\/\/yoast.com\/wordpress\/plugins\/seo\/ -->\n<title>Jornada de Naturopat\u00eda Cient\u00edfica -<\/title>\n<meta name=\"robots\" content=\"index, follow, max-snippet:-1, max-image-preview:large, max-video-preview:-1\" \/>\n<link rel=\"canonical\" href=\"https:\/\/rina.naturopatiadigital.eu\/?page_id=46471\" \/>\n<meta property=\"og:locale\" content=\"es_ES\" \/>\n<meta property=\"og:type\" content=\"article\" \/>\n<meta property=\"og:title\" content=\"Jornada de Naturopat\u00eda Cient\u00edfica -\" \/>\n<meta property=\"og:description\" content=\"M\u00c9TODOS DE INVESTIGACI\u00d3N EN NATUROPAT\u00cdA (III PARTE) https:\/\/www.youtube.com\/watch?v=HCXBkx8E2vY M\u00c9TODOS DE INVESTIGACI\u00d3N EN NATUROPAT\u00cdA (II PARTE) EL MARCO CONCEPTUAL DE LA NATUROPAT\u00cdA (II PARTE) EL MARCO CONCEPTUAL DE LA NATUROPAT\u00cdA JORNADAS DE CIENCIA NATUROP\u00c1TICA: FORO EPIGEN\u00c9TICA \u00abEl Procedimiento de la Intervenci\u00f3n Naturop\u00e1tica\u00bb METAAN\u00c1LISIS RAZONAMIENTO NATUROP\u00c1TICO PLANEAMIENTO DE LA INVESTIGACI\u00d3N NATUROP\u00c1TICA REVISIONES R\u00c1PIDAS EN INVESTIGACI\u00d3N NATUROP\u00c1TICA NATUROPATIA [&hellip;]\" \/>\n<meta property=\"og:url\" content=\"https:\/\/rina.naturopatiadigital.eu\/?page_id=46471\" \/>\n<meta property=\"article:modified_time\" content=\"2025-05-20T13:15:57+00:00\" \/>\n<meta property=\"og:image\" content=\"https:\/\/jornadas-naturopatia-cientifica.naturopatiadigital.eu\/wp-content\/uploads\/2021\/11\/Investigacion-en-Naturopatia-II-parte-300x300.jpeg\" \/>\n<meta name=\"twitter:card\" content=\"summary_large_image\" \/>\n<script type=\"application\/ld+json\" class=\"yoast-schema-graph\">{\"@context\":\"https:\/\/schema.org\",\"@graph\":[{\"@type\":\"WebPage\",\"@id\":\"https:\/\/rina.naturopatiadigital.eu\/?page_id=46471\",\"url\":\"https:\/\/rina.naturopatiadigital.eu\/?page_id=46471\",\"name\":\"Jornada de Naturopat\u00eda Cient\u00edfica -\",\"isPartOf\":{\"@id\":\"https:\/\/rina.naturopatiadigital.eu\/#website\"},\"datePublished\":\"2025-05-20T13:13:53+00:00\",\"dateModified\":\"2025-05-20T13:15:57+00:00\",\"breadcrumb\":{\"@id\":\"https:\/\/rina.naturopatiadigital.eu\/?page_id=46471#breadcrumb\"},\"inLanguage\":\"es\",\"potentialAction\":[{\"@type\":\"ReadAction\",\"target\":[\"https:\/\/rina.naturopatiadigital.eu\/?page_id=46471\"]}]},{\"@type\":\"BreadcrumbList\",\"@id\":\"https:\/\/rina.naturopatiadigital.eu\/?page_id=46471#breadcrumb\",\"itemListElement\":[{\"@type\":\"ListItem\",\"position\":1,\"name\":\"Home\",\"item\":\"https:\/\/rina.naturopatiadigital.eu\/\"},{\"@type\":\"ListItem\",\"position\":2,\"name\":\"Jornadas\",\"item\":\"https:\/\/rina.naturopatiadigital.eu\/?page_id=46474\"},{\"@type\":\"ListItem\",\"position\":3,\"name\":\"Jornada de Naturopat\u00eda Cient\u00edfica\"}]},{\"@type\":\"WebSite\",\"@id\":\"https:\/\/rina.naturopatiadigital.eu\/#website\",\"url\":\"https:\/\/rina.naturopatiadigital.eu\/\",\"name\":\"\",\"description\":\"Red Investigaci\u00f3n Naturop\u00e1tica\",\"publisher\":{\"@id\":\"https:\/\/rina.naturopatiadigital.eu\/#organization\"},\"potentialAction\":[{\"@type\":\"SearchAction\",\"target\":{\"@type\":\"EntryPoint\",\"urlTemplate\":\"https:\/\/rina.naturopatiadigital.eu\/?s={search_term_string}\"},\"query-input\":\"required name=search_term_string\"}],\"inLanguage\":\"es\"},{\"@type\":\"Organization\",\"@id\":\"https:\/\/rina.naturopatiadigital.eu\/#organization\",\"name\":\"Organizaci\u00f3n Colegial Naturop\u00e1tica\",\"url\":\"https:\/\/rina.naturopatiadigital.eu\/\",\"logo\":{\"@type\":\"ImageObject\",\"inLanguage\":\"es\",\"@id\":\"https:\/\/rina.naturopatiadigital.eu\/#\/schema\/logo\/image\/\",\"url\":\"https:\/\/RevistaEspa\u00f1oladeNaturopatia.naturopatiadigital.eu\/wp-content\/uploads\/2020\/11\/logo2.jpg\",\"contentUrl\":\"https:\/\/RevistaEspa\u00f1oladeNaturopatia.naturopatiadigital.eu\/wp-content\/uploads\/2020\/11\/logo2.jpg\",\"width\":960,\"height\":960,\"caption\":\"Organizaci\u00f3n Colegial Naturop\u00e1tica\"},\"image\":{\"@id\":\"https:\/\/rina.naturopatiadigital.eu\/#\/schema\/logo\/image\/\"}}]}<\/script>\n<!-- \/ Yoast SEO plugin. -->","yoast_head_json":{"title":"Jornada de Naturopat\u00eda Cient\u00edfica -","robots":{"index":"index","follow":"follow","max-snippet":"max-snippet:-1","max-image-preview":"max-image-preview:large","max-video-preview":"max-video-preview:-1"},"canonical":"https:\/\/rina.naturopatiadigital.eu\/?page_id=46471","og_locale":"es_ES","og_type":"article","og_title":"Jornada de Naturopat\u00eda Cient\u00edfica -","og_description":"M\u00c9TODOS DE INVESTIGACI\u00d3N EN NATUROPAT\u00cdA (III PARTE) https:\/\/www.youtube.com\/watch?v=HCXBkx8E2vY M\u00c9TODOS DE INVESTIGACI\u00d3N EN NATUROPAT\u00cdA (II PARTE) EL MARCO CONCEPTUAL DE LA NATUROPAT\u00cdA (II PARTE) EL MARCO CONCEPTUAL DE LA NATUROPAT\u00cdA JORNADAS DE CIENCIA NATUROP\u00c1TICA: FORO EPIGEN\u00c9TICA \u00abEl Procedimiento de la Intervenci\u00f3n Naturop\u00e1tica\u00bb METAAN\u00c1LISIS RAZONAMIENTO NATUROP\u00c1TICO PLANEAMIENTO DE LA INVESTIGACI\u00d3N NATUROP\u00c1TICA REVISIONES R\u00c1PIDAS EN INVESTIGACI\u00d3N NATUROP\u00c1TICA NATUROPATIA [&hellip;]","og_url":"https:\/\/rina.naturopatiadigital.eu\/?page_id=46471","article_modified_time":"2025-05-20T13:15:57+00:00","og_image":[{"url":"https:\/\/jornadas-naturopatia-cientifica.naturopatiadigital.eu\/wp-content\/uploads\/2021\/11\/Investigacion-en-Naturopatia-II-parte-300x300.jpeg"}],"twitter_card":"summary_large_image","schema":{"@context":"https:\/\/schema.org","@graph":[{"@type":"WebPage","@id":"https:\/\/rina.naturopatiadigital.eu\/?page_id=46471","url":"https:\/\/rina.naturopatiadigital.eu\/?page_id=46471","name":"Jornada de Naturopat\u00eda Cient\u00edfica -","isPartOf":{"@id":"https:\/\/rina.naturopatiadigital.eu\/#website"},"datePublished":"2025-05-20T13:13:53+00:00","dateModified":"2025-05-20T13:15:57+00:00","breadcrumb":{"@id":"https:\/\/rina.naturopatiadigital.eu\/?page_id=46471#breadcrumb"},"inLanguage":"es","potentialAction":[{"@type":"ReadAction","target":["https:\/\/rina.naturopatiadigital.eu\/?page_id=46471"]}]},{"@type":"BreadcrumbList","@id":"https:\/\/rina.naturopatiadigital.eu\/?page_id=46471#breadcrumb","itemListElement":[{"@type":"ListItem","position":1,"name":"Home","item":"https:\/\/rina.naturopatiadigital.eu\/"},{"@type":"ListItem","position":2,"name":"Jornadas","item":"https:\/\/rina.naturopatiadigital.eu\/?page_id=46474"},{"@type":"ListItem","position":3,"name":"Jornada de Naturopat\u00eda Cient\u00edfica"}]},{"@type":"WebSite","@id":"https:\/\/rina.naturopatiadigital.eu\/#website","url":"https:\/\/rina.naturopatiadigital.eu\/","name":"","description":"Red Investigaci\u00f3n Naturop\u00e1tica","publisher":{"@id":"https:\/\/rina.naturopatiadigital.eu\/#organization"},"potentialAction":[{"@type":"SearchAction","target":{"@type":"EntryPoint","urlTemplate":"https:\/\/rina.naturopatiadigital.eu\/?s={search_term_string}"},"query-input":"required name=search_term_string"}],"inLanguage":"es"},{"@type":"Organization","@id":"https:\/\/rina.naturopatiadigital.eu\/#organization","name":"Organizaci\u00f3n Colegial Naturop\u00e1tica","url":"https:\/\/rina.naturopatiadigital.eu\/","logo":{"@type":"ImageObject","inLanguage":"es","@id":"https:\/\/rina.naturopatiadigital.eu\/#\/schema\/logo\/image\/","url":"https:\/\/RevistaEspa\u00f1oladeNaturopatia.naturopatiadigital.eu\/wp-content\/uploads\/2020\/11\/logo2.jpg","contentUrl":"https:\/\/RevistaEspa\u00f1oladeNaturopatia.naturopatiadigital.eu\/wp-content\/uploads\/2020\/11\/logo2.jpg","width":960,"height":960,"caption":"Organizaci\u00f3n Colegial Naturop\u00e1tica"},"image":{"@id":"https:\/\/rina.naturopatiadigital.eu\/#\/schema\/logo\/image\/"}}]}},"_links":{"self":[{"href":"https:\/\/rina.naturopatiadigital.eu\/index.php?rest_route=\/wp\/v2\/pages\/46471","targetHints":{"allow":["GET"]}}],"collection":[{"href":"https:\/\/rina.naturopatiadigital.eu\/index.php?rest_route=\/wp\/v2\/pages"}],"about":[{"href":"https:\/\/rina.naturopatiadigital.eu\/index.php?rest_route=\/wp\/v2\/types\/page"}],"author":[{"embeddable":true,"href":"https:\/\/rina.naturopatiadigital.eu\/index.php?rest_route=\/wp\/v2\/users\/1"}],"replies":[{"embeddable":true,"href":"https:\/\/rina.naturopatiadigital.eu\/index.php?rest_route=%2Fwp%2Fv2%2Fcomments&post=46471"}],"version-history":[{"count":1,"href":"https:\/\/rina.naturopatiadigital.eu\/index.php?rest_route=\/wp\/v2\/pages\/46471\/revisions"}],"predecessor-version":[{"id":46472,"href":"https:\/\/rina.naturopatiadigital.eu\/index.php?rest_route=\/wp\/v2\/pages\/46471\/revisions\/46472"}],"up":[{"embeddable":true,"href":"https:\/\/rina.naturopatiadigital.eu\/index.php?rest_route=\/wp\/v2\/pages\/46474"}],"wp:attachment":[{"href":"https:\/\/rina.naturopatiadigital.eu\/index.php?rest_route=%2Fwp%2Fv2%2Fmedia&parent=46471"}],"curies":[{"name":"wp","href":"https:\/\/api.w.org\/{rel}","templated":true}]}}